{"id":93,"date":"2022-07-27T07:56:12","date_gmt":"2022-07-27T07:56:12","guid":{"rendered":"http:\/\/192.168.0.119\/?page_id=93"},"modified":"2022-08-07T17:26:34","modified_gmt":"2022-08-07T17:26:34","slug":"3d-printing","status":"publish","type":"page","link":"http:\/\/www.eminescu.rdsor.ro\/index.php\/ecdl\/3d-printing\/","title":{"rendered":"3D Printing"},"content":{"rendered":"<div class=\"wpb_column vc_column_container vc_col-sm-6\">\n<div class=\"vc_column-inner \">\n<div class=\"wpb_wrapper\">\n<div class=\"wpb_text_column wpb_content_element \">\n<div class=\"wpb_wrapper\">\n<p>&nbsp;<\/p>\n<p>Colegiul Na\u021bional \u2018Mihai Eminescu\u2019\u00a0este hub de modelare \u015fi imprimare 3D \u00een cadrul campaniei EDUTECH. Modeleaz\u0103 viitorul. Printeaz\u0103-l<\/p>\n<p>3D!.Campania EDUTECH \u2013 Modeleaz\u0103 viitorul. Printeaz\u0103-l 3D!\u00a0promoveaz\u0103 proiectul\u00a0\u201cMeseria\u015fii viitorului vor lucra cu imprimanta 3D\u201d, care se desf\u0103\u015foar\u0103 \u00een liceele selectate pe parcursul anului \u015fcolar 2017-2018.<br \/>\nMai multe \u015fcoli din Rom\u00e2nia devin hub-uri de imprimare 3D, printr-un proiect sus\u0163inut de ECDL cu sprijinul Dedeman, al\u0103turi de Asocia\u0163ia Oamenilor de Afaceri din Rom\u00e2nia \u015fi Ministerul Educa\u0163iei.<\/p>\n<p>Modelarea 3D va deveni la fel de r\u0103sp\u00e2ndit\u0103 ca \u015fi meserie precum web design-ul. A\u015fadar, oricine va \u015fti modelare 3D va putea s\u0103 ofere servicii \u00een pia\u0163\u0103 sau s\u0103 fie mai u\u015for angajabil. De asemenea, boom-ul imprimantelor 3D din urm\u0103torii ani va crea o nou\u0103 meserie: tehnician imprimare 3D. Nu \u00een ultimul r\u00e2nd, orice inova\u0163ie tehnologic\u0103 lanseaz\u0103 un nou val de companii pe pia\u0163\u0103, deci vor exista oportunit\u0103\u0163i \u015fi la nivel antreprenorial.<\/p>\n<\/div>\n<\/div>\n<\/div>\n<\/div>\n<\/div>\n","protected":false},"excerpt":{"rendered":"<p>&nbsp; Colegiul Na\u021bional \u2018Mihai Eminescu\u2019\u00a0este hub de modelare \u015fi imprimare 3D \u00een cadrul campaniei EDUTECH.<\/p>\n","protected":false},"author":1,"featured_media":0,"parent":92,"menu_order":0,"comment_status":"closed","ping_status":"closed","template":"","meta":{"ub_ctt_via":""},"featured_image_src":null,"_links":{"self":[{"href":"http:\/\/www.eminescu.rdsor.ro\/index.php\/wp-json\/wp\/v2\/pages\/93"}],"collection":[{"href":"http:\/\/www.eminescu.rdsor.ro\/index.php\/wp-json\/wp\/v2\/pages"}],"about":[{"href":"http:\/\/www.eminescu.rdsor.ro\/index.php\/wp-json\/wp\/v2\/types\/page"}],"author":[{"embeddable":true,"href":"http:\/\/www.eminescu.rdsor.ro\/index.php\/wp-json\/wp\/v2\/users\/1"}],"replies":[{"embeddable":true,"href":"http:\/\/www.eminescu.rdsor.ro\/index.php\/wp-json\/wp\/v2\/comments?post=93"}],"version-history":[{"count":4,"href":"http:\/\/www.eminescu.rdsor.ro\/index.php\/wp-json\/wp\/v2\/pages\/93\/revisions"}],"predecessor-version":[{"id":371,"href":"http:\/\/www.eminescu.rdsor.ro\/index.php\/wp-json\/wp\/v2\/pages\/93\/revisions\/371"}],"up":[{"embeddable":true,"href":"http:\/\/www.eminescu.rdsor.ro\/index.php\/wp-json\/wp\/v2\/pages\/92"}],"wp:attachment":[{"href":"http:\/\/www.eminescu.rdsor.ro\/index.php\/wp-json\/wp\/v2\/media?parent=93"}],"curies":[{"name":"wp","href":"https:\/\/api.w.org\/{rel}","templated":true}]}}